 20 and s.
10
Suppose -2*j = 2*t - 194, -3*j = t - 126 + 31. Let q = -92 + t. Let v be 6*q/9 - 18/(-2). What is the greatest common divisor of 104 and v?
13
Let k = 1972 + -1642. Calculate the greatest common factor of k and 2838.
66
Suppose 0 = -4*d + 64 + 16. Let o be (5/15)/((-2)/6). Let v(g) = -183*g - 3. Let x be v(o). Calculate the highest common factor of d and x.
20
Suppose -5*c + 3*j = -39883 - 47456, -3*c = j - 52423. Calculate the highest common divisor of 14 and c.
14
Suppose -n - 7*n = -128. Suppose 0 = -n*y + 24*y - 144. Suppose 2*c + 1 - 13 = 0. Calculate the greatest common divisor of y and c.
6
Let n = -333 + 328. Let m be 8 - (n - 14) - (2 + 1). Let k(g) = 11*g + 6. Let q be k(6). Calculate the highest common divisor of q and m.
24
Let n be (5 + 176/(-40))/((-1)/(-50)). Let k = 74 - 34. What is the highest common factor of n and k?
10
Let f(w) = w**3 - 6*w**2 - 36*w + 270. Let v be f(8). What is the greatest common factor of v and 70?
10
Suppose -61*j + 6800 = -51*j. Let d = -678 + j. Calculate the greatest common factor of 46 and d.
2
Let j = 10156 - 10048. What is the highest common divisor of 348 and j?
12
Suppose -5*c + 51*q = 54*q - 1094, -5*q - 230 = -c. What is the greatest common divisor of c and 500?
20
Let i be (-2)/(-7) + 276/14. Let f be (-10*8/24)/((-2)/(-3)). Let m be (-8)/f*2/(i/75). What is the greatest common factor of m and 108?
12
Let o(k) = -k**3 + 6*k**2 + 17*k - 6. Let c be o(8). Suppose c*y = -2*d + 676, -1376 = -4*y - 0*y + 4*d. Calculate the highest common factor of y and 31.
31
Let z(x) = -5*x - 2. Let d be z(-4). Let b = -42 - -73. Let l(y) = 4*y - 121. Let t be l(b). Calculate the highest common divisor of d and t.
3
Let i = -635 - -855. Suppose 21 = 5*l + 2*l. Suppose -8*t + 110 = -l*t. Calculate the highest common factor of t and i.
22
Suppose 8745 = -23*i + 12*i. Let h be i/(-9) + (-8)/24. Let j = 20 + -12. What is the highest common divisor of h and j?
8
Let d = 17 + -64. Let x = 41 + d. Let p be 54/15*(-40)/x. What is the highest common factor of p and 96?
24
Let i be 3 - -144 - (5/2*-2 - -5). What is the highest common divisor of i and 392?
49
Let t be ((10 - 7)/(-9))/(1/(-102)). What is the greatest common divisor of 4182 and t?
34
Let b(g) = g + 4. Let n be b(6). Let o be 429*(-3 + n/3). Let k = o + -91. What is the highest common factor of 104 and k?
52
Let j be ((-414)/(-8))/((-36)/96) + -1. Let g = 144 + j. Calculate the highest common divisor of 1 and g.
1
Let l = 333 - 555. Let u = -210 - l. Calculate the highest common divisor of u and 16.
4
Suppose -2459*z = -2460*z - 2, -2*u - 2*z = -28. Calculate the highest common divisor of 24912 and u.
16
Suppose 6692 = 2*f - p - 2951, 2*p = -3*f + 14440. Calculate the greatest common divisor of 66 and f.
66
Suppose -23*z = -17*z - 288. Let g = -55 + z. Let a be (-2 + (-20)/g)/(3/168). What is the highest common factor of 24 and a?
24
Suppose -26*s + 38362 = 35086. Let t = -59 + 87. Calculate the highest common divisor of s and t.
14
Let h = 29305 + -8977. What is the greatest common divisor of h and 264?
264
Let p(w) = 11*w - 144. Let u(h) = -11*h + 143. Let c(r) = -5*p(r) - 4*u(r). Let j be c(-9). What is the highest common divisor of j and 13?
13
Suppose 5*k - 15 = -5*o, 2*o - 7*k = -3*k + 12. Suppose -2*h = -4*d - 611 + 2121, -o*d + 1480 = 4*h. Calculate the highest common divisor of d and 50.
25
Suppose -c + 0*c - 5*q = -1706, -2*q = -2. Suppose 22*k = 15*k + c. What is the highest common divisor of k and 9?
9
Let u(h) = -h**3 + 3*h**2 - 19*h - 86. Let i be u(-6). Let z = i + -180. What is the highest common factor of 4 and z?
4
Let l(j) = 3*j - 1. Let k be l(5). Let h be (1579/10 + 1431/318)/(4/10). Calculate the greatest common factor of k and h.
14
Let q be (-16 - 15372/(-18)) + -7 + 1. What is the greatest common divisor of q and 2808?
104
Let l be (-8)/((-32)/28) + 8748/3. Calculate the greatest common divisor of l and 316.
79
Let r be 4 + (3 + -36)/1. Let n = r + 113. Let s be 6/8 - (-4 + 116/(-16)). Calculate the highest common factor of n and s.
12
Suppose -9*x - 45 - 18 = 0. Let r = 11 + x. Let g = 10 + r. Calculate the highest common divisor of g and 98.
14
Let c = 80 + -55. Suppose -8*f + c = -3*f. Suppose -f*n + 168 = n. What is the highest common divisor of 4 and n?
4
Suppose -7 = -4*x + 5. Let u be (-10 - 130)*x/4. Let s = u + 369. Calculate the greatest common divisor of s and 24.
24
Suppose -255132*l - 1560 = -255156*l. What is the highest common divisor of l and 156?
13
Let v(t) = -6*t**2 - 212*t - 38. Let a be v(-35). Let u = -23 - -27. Let d be 79 - u/(-6 - -2). Calculate the greatest common divisor of d and a.
16
Let k = 163 + -158. Suppose 4*c + 158 = -2*t + 560, 0 = -k*c + 5*t + 525. Calculate the highest common factor of 1530 and c.
102
Suppose 2635 = -255*t + 518*t - 258*t. What is the greatest common divisor of t and 272?
17
Suppose -89*d - 36120 = -33*d. Let f = 653 + d. Suppose -3*c + 24 = c. What is the greatest common divisor of c and f?
2
Let q(t) = 2*t**3 + 35*t**2 + 50*t + 1270. Let u be q(-18). What is the greatest common divisor of 14099 and u?
23
Let j = -836 - 181. Let x be 15/(-40) - j/24. Calculate the greatest common divisor of 18 and x.
6
Suppose -6*n + 18*n - 16380 = 6*n. Calculate the greatest common factor of n and 30.
30
Let m(w) = w + 5. Let h(y) = 2*y + 3. Let d be h(-7). Let q be m(d). Let k be q/(-8) - -1*(-1659)/(-28). What is the highest common factor of k and 40?
20
Let n be (3 + -2 - 2)*(-11 + 0). Suppose 2*a = 33 - n. Let g = 23 - 12. Calculate the highest common factor of g and a.
11
Let q = 32 + 3. Let y be -2 - (q/(-4))/(17/136). Let m = 12 + 5. Calculate the highest common divisor of m and y.
17
Let a = 161 + -57. Let s(j) = 2*j**2 - 21*j - 213. Let p be s(17). Calculate the greatest common divisor of p and a.
8
Suppose -3*j = m - 19403, 0 = -20*m + 21*m + 1. Calculate the greatest common factor of j and 18.
6
Let c(y) = 12*y + 40. Let z be c(-3). Let i be z/(2 + (150/(-39))/2). Calculate the greatest common factor of 416 and i.
52
Let r be 1 + 8/(16/70). Calculate the highest common divisor of 2556 and r.
36
Suppose -42 - 101 = -3*m - 5*p, -5*m = 2*p - 232. Calculate the highest common factor of 2047 and m.
23
Let h(c) = c**3 - 10*c**2 + 17*c + 13. Suppose r + 24 = 4*r - 4*t, -2*t - 16 = -2*r. Let o be h(r). Calculate the highest common divisor of o and 49.
7
Suppose 5*w - 12*w + 105 = 0. Let u(s) = -s**3 + 16*s**2 - 14*s + 1. Let r be u(w). Suppose 0 = -5*f + 4 + 6. Calculate the highest common divisor of f and r.
2
Let y = -15547 - -15867. What is the highest common factor of 1420 and y?
20
Let s be 33426/2574 - 8/(-572). Let x be ((-4)/(-6))/((-1)/(-1014)). Calculate the highest common divisor of s and x.
13
Suppose 219 = 5*z - 3*s - 12, 2*z + 5*s = 111. Let c(u) = -5 - 3 - 13 + 12*u + 6*u - 1. Let x be c(3). What is the highest common factor of z and x?
16
Suppose 72572 = -109*a + 655068. What is the greatest common factor of a and 501?
167
Let h be (-2 + 1 - 20)*(33150/(-306) + 96). Suppose 0 = -2*n + 10 + 18. Calculate the highest common factor of n and h.
7
Suppose 3*s = -12, -6*q + 17*s - 21*s + 1904 = 0. What is the greatest common divisor of q and 500?
20
Let s be (-24)/(-56)*14*((-175)/(-10))/7. What is the greatest common factor of s and 17040?
15
Suppose 12*s = 2078 - 14. Calculate the greatest common divisor of s and 22532.
172
Let k(d) = -d**3 - 9*d**2 - d + 19. Let m be k(-9). Let n = -35 - m. Let j = -61 - n. Calculate the highest common divisor of 4 and j.
2
Let s(u) = 6*u - 24. Let a be s(13). Suppose -3*g + a = -0*g. Suppose 5*y + 3*q - 137 = 0, -y + 6 = 4*q - g. Calculate the highest common factor of y and 4.
4
Let v = -595 + 1043. Let c be (42/(-28))/((-2)/v*1). What is the highest common divisor of 24 and c?
24
Let w be (0 - -6)*5/2. Let c(v) = v + 3. Let i be c(12). Suppose -14*b + 3 = -i*b, -3*d + 234 = -3*b. What is the highest common divisor of d and w?
15
Let o = 2449 + -160. What is the highest common divisor of 218 and o?
109
Let d(u) = 495*u + u**2 - 486*u - 15 - 11. Let i be d(4). What is the highest common factor of i and 208?
26
Let n = 1799 + -587. What is the greatest common divisor of 12 and n?
12
Let d(h) = -h**2 + 4*h + 4. Let j be (-4)/20 